{"id":6,"date":"2025-04-26T16:56:50","date_gmt":"2025-04-26T14:56:50","guid":{"rendered":"https:\/\/selene-antik.stoll.tech\/?page_id=6"},"modified":"2025-05-04T21:46:34","modified_gmt":"2025-05-04T19:46:34","slug":"selene-antik","status":"publish","type":"page","link":"https:\/\/selene-antik.stoll.tech\/","title":{"rendered":"Selene Antik"},"content":{"rendered":"\n<p><\/p>\n\n\n\n<div class=\"wp-block-group alignfull has-accent-background-color has-background is-layout-constrained wp-container-core-group-is-layout-669513ed wp-block-group-is-layout-constrained\" style=\"margin-top:0;margin-bottom:0;padding-top:var(--wp--preset--spacing--50);padding-right:var(--wp--preset--spacing--50);padding-bottom:var(--wp--preset--spacing--50);padding-left:var(--wp--preset--spacing--50)\">\n<figure class=\"wp-block-image size-large\"><img loading=\"lazy\" decoding=\"async\" width=\"1600\" height=\"900\" src=\"https:\/\/selene-antik.stoll.tech\/wp-content\/uploads\/2025\/05\/Stand-edited.jpg\" alt=\"\" class=\"wp-image-99\" srcset=\"https:\/\/selene-antik.stoll.tech\/wp-content\/uploads\/2025\/05\/Stand-edited.jpg 1600w, https:\/\/selene-antik.stoll.tech\/wp-content\/uploads\/2025\/05\/Stand-edited-300x169.jpg 300w, https:\/\/selene-antik.stoll.tech\/wp-content\/uploads\/2025\/05\/Stand-edited-1024x576.jpg 1024w, https:\/\/selene-antik.stoll.tech\/wp-content\/uploads\/2025\/05\/Stand-edited-768x432.jpg 768w, https:\/\/selene-antik.stoll.tech\/wp-content\/uploads\/2025\/05\/Stand-edited-1536x864.jpg 1536w\" sizes=\"auto, (max-width: 1600px) 100vw, 1600px\" \/><\/figure>\n<\/div>\n\n\n\n<p class=\"has-medium-font-size\" style=\"border-style:none;border-width:0px;margin-top:0;margin-right:0;margin-bottom:0;margin-left:0\">Schmuck mit Geschichte. Bei Selene Antik entdecken Sie von Hand gefertigte Schmuckst\u00fccke aus originalen mittelalterlichen und antiken M\u00fcnzen und kleinen Objekten. Jedes St\u00fcck erz\u00e4hlt eine eigene Geschichte \u2013 ein Fragment der Vergangenheit, kunstvoll in ein unverwechselbares Schmuckst\u00fcck vereint. Tragen Sie ein St\u00fcck Geschichte am K\u00f6rper.<\/p>\n\n\n\n<p><\/p>\n\n\n\n<p class=\"has-medium-font-size\" style=\"border-style:none;border-width:0px;margin-top:0;margin-right:0;margin-bottom:0;margin-left:0\">Unterwegs sind wir auf verschiedenen M\u00e4rkten in Bayern. Die M\u00e4rkte der aktuellen Saison finden Sie unter unserer Rubrik <a href=\"https:\/\/selene-antik.stoll.tech\/?page_id=19\">M\u00e4rkte<\/a>.<\/p>\n\n\n\n<p><\/p>\n","protected":false},"excerpt":{"rendered":"<p>Schmuck mit Geschichte. Bei Selene Antik entdecken Sie von Hand gefertigte Schmuckst\u00fccke aus originalen mittelalterlichen und antiken M\u00fcnzen und kleinen [&hellip;]<\/p>\n","protected":false},"author":1,"featured_media":0,"parent":0,"menu_order":0,"comment_status":"closed","ping_status":"closed","template":"","meta":{"site-sidebar-layout":"default","site-content-layout":"","ast-site-content-layout":"","site-content-style":"default","site-sidebar-style":"default","ast-global-header-display":"","ast-banner-title-visibility":"","ast-main-header-display":"","ast-hfb-above-header-display":"","ast-hfb-below-header-display":"","ast-hfb-mobile-header-display":"","site-post-title":"disabled","ast-breadcrumbs-content":"","ast-featured-img":"","footer-sml-layout":"","theme-transparent-header-meta":"","adv-header-id-meta":"","stick-header-meta":"","header-above-stick-meta":"","header-main-stick-meta":"","header-below-stick-meta":"","astra-migrate-meta-layouts":"default","ast-page-background-enabled":"default","ast-page-background-meta":{"desktop":{"background-color":"var(--ast-global-color-5)","background-image":"","background-repeat":"repeat","background-position":"center center","background-size":"auto","background-attachment":"scroll","background-type":"","background-media":"","overlay-type":"","overlay-color":"","overlay-opacity":"","overlay-gradient":""},"tablet":{"background-color":"","background-image":"","background-repeat":"repeat","background-position":"center center","background-size":"auto","background-attachment":"scroll","background-type":"","background-media":"","overlay-type":"","overlay-color":"","overlay-opacity":"","overlay-gradient":""},"mobile":{"background-color":"","background-image":"","background-repeat":"repeat","background-position":"center center","background-size":"auto","background-attachment":"scroll","background-type":"","background-media":"","overlay-type":"","overlay-color":"","overlay-opacity":"","overlay-gradient":""}},"ast-content-background-meta":{"desktop":{"background-color":"var(--ast-global-color-4)","background-image":"","background-repeat":"repeat","background-position":"center center","background-size":"auto","background-attachment":"scroll","background-type":"","background-media":"","overlay-type":"","overlay-color":"","overlay-opacity":"","overlay-gradient":""},"tablet":{"background-color":"var(--ast-global-color-4)","background-image":"","background-repeat":"repeat","background-position":"center center","background-size":"auto","background-attachment":"scroll","background-type":"","background-media":"","overlay-type":"","overlay-color":"","overlay-opacity":"","overlay-gradient":""},"mobile":{"background-color":"var(--ast-global-color-4)","background-image":"","background-repeat":"repeat","background-position":"center center","background-size":"auto","background-attachment":"scroll","background-type":"","background-media":"","overlay-type":"","overlay-color":"","overlay-opacity":"","overlay-gradient":""}},"footnotes":""},"class_list":["post-6","page","type-page","status-publish","hentry"],"_links":{"self":[{"href":"https:\/\/selene-antik.stoll.tech\/index.php?rest_route=\/wp\/v2\/pages\/6","targetHints":{"allow":["GET"]}}],"collection":[{"href":"https:\/\/selene-antik.stoll.tech\/index.php?rest_route=\/wp\/v2\/pages"}],"about":[{"href":"https:\/\/selene-antik.stoll.tech\/index.php?rest_route=\/wp\/v2\/types\/page"}],"author":[{"embeddable":true,"href":"https:\/\/selene-antik.stoll.tech\/index.php?rest_route=\/wp\/v2\/users\/1"}],"replies":[{"embeddable":true,"href":"https:\/\/selene-antik.stoll.tech\/index.php?rest_route=%2Fwp%2Fv2%2Fcomments&post=6"}],"version-history":[{"count":9,"href":"https:\/\/selene-antik.stoll.tech\/index.php?rest_route=\/wp\/v2\/pages\/6\/revisions"}],"predecessor-version":[{"id":100,"href":"https:\/\/selene-antik.stoll.tech\/index.php?rest_route=\/wp\/v2\/pages\/6\/revisions\/100"}],"wp:attachment":[{"href":"https:\/\/selene-antik.stoll.tech\/index.php?rest_route=%2Fwp%2Fv2%2Fmedia&parent=6"}],"curies":[{"name":"wp","href":"https:\/\/api.w.org\/{rel}","templated":true}]}}